{"id":910,"date":"2019-12-27T19:41:30","date_gmt":"2019-12-27T19:41:30","guid":{"rendered":"http:\/\/gexcel.ch\/formations2\/?page_id=910"},"modified":"2020-06-29T06:21:57","modified_gmt":"2020-06-29T06:21:57","slug":"google-suite","status":"publish","type":"page","link":"https:\/\/gexcel.ch\/formations2\/google-suite\/","title":{"rendered":"Google Suite"},"content":{"rendered":"<p>[su_box title=\u00a0\u00bb<\/p>\n<h1>G Suite &#8211; Bureautique et Collaboration<\/h1>\n<p>\u00a0\u00bb box_color=\u00a0\u00bb#08c\u00a0\u00bb]<\/p>\n<p>[su_pullquote]<\/p>\n<p>Pr\u00e9requis :<br \/>\nMa\u00eetriser Gmail<\/p>\n<h4>OBJECTIFS<\/h4>\n<div class=\"field-items\">\n<h4>\u00catre capable de :<\/h4>\n<ul>\n<li>Comprendre les bases de\u00a0 Google Cloud et ses services en ligne<\/li>\n<li>Utiliser Gmail et Contacts pour g\u00e9rer votre messagerie \u00e9lectronique<\/li>\n<li>Utiliser Google Agenda<\/li>\n<li>Utiliser Google Drive et\/ou Drive d&rsquo;\u00e9quipe pour stocker vos fichiers dans le Cloud, les partager et y acc\u00e9der depuis\u00a0 n&rsquo;importe o\u00f9<\/li>\n<li>Collaborer instantan\u00e9ment sur des documents Google Docs (texte), Google Sheets (tableur), Google Slides (pr\u00e9sentations), Google Forms &#8230;<\/li>\n<\/ul>\n<div class=\"field field-name-field-pre-requis field-type-text-long field-label-above\">\n<h4>Pr\u00e9-requis<\/h4>\n<div class=\"field-items\">\n<p>Aisance dans l\u2019utilisation d&rsquo;un PC et des bases d\u2019Internet (utilisation des moteurs de recherche,navigateurs Web \u2026)<\/p>\n<h4>PUBLIC<\/h4>\n<div class=\"field-items\">\n<div class=\"p-forma-bla\">\n<p>Employ\u00e9s d&rsquo;Entreprises ou personnes d\u00e9sirant utiliser les services en ligne fournis par la solution G Suite<\/p>\n<\/div>\n<\/div>\n<\/div>\n<\/div>\n<div class=\"field field-name-field-public field-type-text-long field-label-above\"><\/div>\n<\/div>\n<p><span style=\"line-height: 1.5;\">[\/su_pullquote]<\/span><\/p>\n<h2>Formations G Suite \u00ab by Gexcel \u00bb<\/h2>\n<h4>Exploiter le potentiel de Gmail<\/h4>\n<p>Exemples<\/p>\n<p>D\u00e9couvrir et personnaliser les param\u00e8tres de son compte Google<\/p>\n<h2><\/h2>\n<h2><\/h2>\n<h4>Aborder la bureautique \u00ab\u00a0G Suite\u00a0\u00bb<\/h4>\n<p>G Suite \u2013 Centre de formation<\/p>\n<h2><\/h2>\n<h2><\/h2>\n<h4>Aspects collaboratifs\u00a0 \u00ab\u00a0G Suite\u00a0\u00bb<\/h4>\n<p>Le partage et la collaboration sous Google Drive<\/p>\n<h2><\/h2>\n<h2><\/h2>\n<h4>De nombreux autres th\u00e8mes peuvent<\/h4>\n<h4>\u00eatre explor\u00e9s <a href=\"https:\/\/gexcel.ch\/formations2\/nous-contacter\/\">\u00e0 la demande<\/a><\/h4>\n<p style=\"text-align: center;\">WhY NoT<\/p>\n<p style=\"text-align: center;\"><a href=\"https:\/\/gexcel.ch\/formations2\/wp-content\/uploads\/2019\/12\/MicroGoog_1.png\"><img loading=\"lazy\" decoding=\"async\" class=\"alignnone size-full wp-image-941\" src=\"https:\/\/gexcel.ch\/formations2\/wp-content\/uploads\/2019\/12\/MicroGoog_1.png\" alt=\"\" width=\"280\" height=\"280\" srcset=\"https:\/\/gexcel.ch\/formations2\/wp-content\/uploads\/2019\/12\/MicroGoog_1.png 280w, https:\/\/gexcel.ch\/formations2\/wp-content\/uploads\/2019\/12\/MicroGoog_1-150x150.png 150w\" sizes=\"auto, (max-width: 280px) 100vw, 280px\" \/><\/a><\/p>\n<p>[\/su_box]<\/p>\n<p style=\"text-align: center;\">Pour toute information, n\u2019h\u00e9sitez pas \u00e0 <a href=\"https:\/\/gexcel.ch\/formations2\/nous-contacter-2\/\">nous contacter<\/a><\/p>\n<p style=\"text-align: center;\">Nous sommes avec plaisir \u00e0 votre disposition<br \/>\nToute l\u2019\u00e9quipe Gexcel<\/p>\n<div class=\"field field-name-field-public field-type-text-long field-label-above\"><\/div>\n","protected":false},"excerpt":{"rendered":"<p>[su_box title=\u00a0\u00bb G Suite &#8211; Bureautique et Collaboration \u00a0\u00bb box_color=\u00a0\u00bb#08c\u00a0\u00bb] [su_pullquote] Pr\u00e9requis : Ma\u00eetriser Gmail OBJECTIFS \u00catre capable de : Comprendre les bases de\u00a0 Google Cloud et ses services en ligne Utiliser Gmail et Contacts pour g\u00e9rer votre messagerie \u00e9lectronique Utiliser Google Agenda Utiliser Google Drive et\/ou Drive d&rsquo;\u00e9quipe pour stocker vos fichiers dans le [&hellip;]<\/p>\n","protected":false},"author":1,"featured_media":913,"parent":0,"menu_order":0,"comment_status":"open","ping_status":"open","template":"","meta":{"footnotes":""},"class_list":["post-910","page","type-page","status-publish","has-post-thumbnail","czr-hentry"],"_links":{"self":[{"href":"https:\/\/gexcel.ch\/formations2\/wp-json\/wp\/v2\/pages\/910","targetHints":{"allow":["GET"]}}],"collection":[{"href":"https:\/\/gexcel.ch\/formations2\/wp-json\/wp\/v2\/pages"}],"about":[{"href":"https:\/\/gexcel.ch\/formations2\/wp-json\/wp\/v2\/types\/page"}],"author":[{"embeddable":true,"href":"https:\/\/gexcel.ch\/formations2\/wp-json\/wp\/v2\/users\/1"}],"replies":[{"embeddable":true,"href":"https:\/\/gexcel.ch\/formations2\/wp-json\/wp\/v2\/comments?post=910"}],"version-history":[{"count":20,"href":"https:\/\/gexcel.ch\/formations2\/wp-json\/wp\/v2\/pages\/910\/revisions"}],"predecessor-version":[{"id":1022,"href":"https:\/\/gexcel.ch\/formations2\/wp-json\/wp\/v2\/pages\/910\/revisions\/1022"}],"wp:featuredmedia":[{"embeddable":true,"href":"https:\/\/gexcel.ch\/formations2\/wp-json\/wp\/v2\/media\/913"}],"wp:attachment":[{"href":"https:\/\/gexcel.ch\/formations2\/wp-json\/wp\/v2\/media?parent=910"}],"curies":[{"name":"wp","href":"https:\/\/api.w.org\/{rel}","templated":true}]}}