{"id":68,"date":"2015-02-19T15:16:43","date_gmt":"2015-02-19T15:16:43","guid":{"rendered":"http:\/\/toshoptop.com\/formations2\/gxlstep2\/?page_id=68"},"modified":"2020-06-29T06:23:39","modified_gmt":"2020-06-29T06:23:39","slug":"wordpress-avance","status":"publish","type":"page","link":"https:\/\/gexcel.ch\/formations2\/wordpress-avance\/","title":{"rendered":"WordPress Avanc\u00e9"},"content":{"rendered":"<p>[su_box title=\u00a0\u00bb<\/p>\n<h1>WordPress &#8211; Formations\u00a0Avanc\u00e9es<\/h1>\n<p>\u00a0\u00bb box_color=\u00a0\u00bb#08c\u00a0\u00bb]<\/p>\n<p>[su_pullquote]<\/p>\n<p><strong>OBJECTIFS<\/strong><\/p>\n<div class=\"field-items\">\n<h4>\u00catre capable de :<\/h4>\n<ul>\n<li>Cr\u00e9er un site Internet ou blog en utilisant le syst\u00e8me de gestion de contenu (CMS) WordPress<\/li>\n<li>Param\u00e9trer et personnaliser le syst\u00e8me de mani\u00e8re avanc\u00e9e pour pr\u00e9senter les informations souhait\u00e9es<\/li>\n<li>Mettre \u00e0 jour, maintenir et assurer la p\u00e9rennit\u00e9 du site Internet ainsi cr\u00e9\u00e9<\/li>\n<\/ul>\n<div class=\"field field-name-field-pre-requis field-type-text-long field-label-above\">\n<h4>Pr\u00e9-requis<\/h4>\n<div class=\"field-items\">\n<p>Aisance dans l\u2019utilisation d\u2019Internet (utilisation des moteurs de recherche, courrier \u00e9lectronique\u2026).<br \/>\nBonnes connaissances de base d\u2019un langage de programmation (tel que HTML, PHP, Java, etc.).<br \/>\nLa compr\u00e9hension \u00e9crite de l\u2019anglais constitue un atout.<\/p>\n<h4>PUBLIC<\/h4>\n<div class=\"field-items\">\n<p>Tout professionnel qui souhaite communiquer sur Internet \u00e0 l\u2019aide d\u2019un site ou blog, facilitant l\u2019interaction et le partage d\u2019information avec les internautes, tel que : webmaster, webdeveloper, webdesigner, graphiste, \u00e9diteur, informaticien, charg\u00e9 de marketing et communication &#8230;<\/p>\n<\/div>\n<\/div>\n<\/div>\n<p>[\/su_pullquote]<\/p>\n<\/div>\n<p><strong>WordPress Avanc\u00e9s &#8211; niveau 1<\/strong><\/p>\n<p>Cette option est destin\u00e9e \u00e0 des personnes ayant suivis les formations de bases ( ou pouvant justifier de l&rsquo;\u00e9quivalent)<\/p>\n<p>D\u00e9velloper un site sous WordPress \u00a0de A \u00e0 Z<\/p>\n<p>Apprenez \u00e0 cr\u00e9er votre site et \u00e0 le g\u00e9rer<\/p>\n<p>Nous contacter pour plus d&rsquo;informations<\/p>\n<p><strong>WordPress Avanc\u00e9s &#8211; niveau 2<\/strong><\/p>\n<p>Cette option est destin\u00e9e \u00e0 des personnes ayant suivis les formations \u00ab\u00a0Avanc\u00e9s &#8211; niveau 1\u00a0\u00bb ( ou pouvant justifier de l&rsquo;\u00e9quivalent)<\/p>\n<p>D\u00e9velloper un site sous WordPress \u00a0de A \u00e0 Z<\/p>\n<p>Apprenez \u00e0 cr\u00e9er\u00a0vos Th\u00e8mes ( Php \/ CSS \/ Java Script &#8230;)<\/p>\n<p>Modifications ou cr\u00e9ations de plugins<\/p>\n<p>Design personnalis\u00e9s<\/p>\n<p>Nous contacter pour plus d&rsquo;informations<\/p>\n<div class=\"field field-name-body field-type-text-with-summary field-label-above\">\u00a0<strong>Quelques d\u00e9tails des cours avanc\u00e9s<\/strong><\/div>\n<div class=\"field field-name-field-public field-type-text-long field-label-above\"><\/div>\n<div class=\"field field-name-field-public field-type-text-long field-label-above\">\n<div class=\"field-items\">\u2022 Cr\u00e9er un th\u00e8me WordPress personnalis\u00e9<br \/>\n\u2022 Modifier l\u2019apparence, la structure et la navigation d\u2019un site existant cr\u00e9\u00e9 avec WordPress<br \/>\n\u2022 Contr\u00f4ler le positionnement et la taille des \u00e9l\u00e9ments d\u2019une page<br \/>\n\u2022 Limiter la r\u00e9p\u00e9tition des styles CSS gr\u00e2ce aux inclusions<br \/>\n\u2022 Utiliser l\u2019Inspecteur du navigateur pour exp\u00e9rimenter les changements de CSS<br \/>\n\u2022 Manier efficacement les \u00e9diteurs de code<br \/>\n\u2022 Cr\u00e9ation ou adaptation d\u2019un th\u00e8me plus personnalis\u00e9<br \/>\n\u2022 Comprendre la hi\u00e9rarchie des th\u00e8mes WordPress<br \/>\n\u2022 Modifier la structure du site gr\u00e2ce aux fonctions du CMS<br \/>\n\u2022 Explorer les extensions utiles au d\u00e9veloppement de th\u00e8mes<br \/>\n\u2022 Transformer WordPress en base de donn\u00e9es avanc\u00e9eLa formation est organis\u00e9e sous la forme d\u2019un atelier anim\u00e9 par un formateur et webdeveloper sp\u00e9cialis\u00e9 en\u00a0conception de sites Internet.<\/div>\n<div class=\"field-items\">Durant le cours, chaque participant d\u00e9veloppe ainsi un projet de site\/blog \u00e0 partir\u00a0d\u2019\u00e9l\u00e9ments apport\u00e9s (textes, visuels et sch\u00e9ma d\u2019arborescence).<br \/>\nR\u00e9f\u00e9rences bibliographiques transmises durant le cours.<\/div>\n<div class=\"field-items\"><\/div>\n<div class=\"field-items\"><\/div>\n<div class=\"field-items\">\n<p>[\/su_box]<\/p>\n<p>N.B : Les descriptions de cours ci-dessus sont des exemples type tir\u00e9s de nos bases de donn\u00e9es.Elles peuvent \u00eatre\u00a0modifi\u00e9es \u00e0 tous moments.<\/p>\n<p style=\"text-align: center;\">Pour toute information, n\u2019h\u00e9sitez pas \u00e0 <a href=\"https:\/\/gexcel.ch\/formations2\/nous-contacter-2\/\">nous contacter<\/a><\/p>\n<p style=\"text-align: center;\">Nous sommes avec plaisir \u00e0 votre disposition<br \/>\nToute l\u2019\u00e9quipe Gexcel<\/p>\n<\/div>\n<\/div>\n","protected":false},"excerpt":{"rendered":"<p>[su_box title=\u00a0\u00bb WordPress &#8211; Formations\u00a0Avanc\u00e9es \u00a0\u00bb box_color=\u00a0\u00bb#08c\u00a0\u00bb] [su_pullquote] OBJECTIFS \u00catre capable de : Cr\u00e9er un site Internet ou blog en utilisant le syst\u00e8me de gestion de contenu (CMS) WordPress Param\u00e9trer et personnaliser le syst\u00e8me de mani\u00e8re avanc\u00e9e pour pr\u00e9senter les informations souhait\u00e9es Mettre \u00e0 jour, maintenir et assurer la p\u00e9rennit\u00e9 du site Internet ainsi cr\u00e9\u00e9 [&hellip;]<\/p>\n","protected":false},"author":1,"featured_media":0,"parent":0,"menu_order":0,"comment_status":"open","ping_status":"open","template":"","meta":{"footnotes":""},"class_list":["post-68","page","type-page","status-publish","czr-hentry"],"_links":{"self":[{"href":"https:\/\/gexcel.ch\/formations2\/wp-json\/wp\/v2\/pages\/68","targetHints":{"allow":["GET"]}}],"collection":[{"href":"https:\/\/gexcel.ch\/formations2\/wp-json\/wp\/v2\/pages"}],"about":[{"href":"https:\/\/gexcel.ch\/formations2\/wp-json\/wp\/v2\/types\/page"}],"author":[{"embeddable":true,"href":"https:\/\/gexcel.ch\/formations2\/wp-json\/wp\/v2\/users\/1"}],"replies":[{"embeddable":true,"href":"https:\/\/gexcel.ch\/formations2\/wp-json\/wp\/v2\/comments?post=68"}],"version-history":[{"count":15,"href":"https:\/\/gexcel.ch\/formations2\/wp-json\/wp\/v2\/pages\/68\/revisions"}],"predecessor-version":[{"id":1028,"href":"https:\/\/gexcel.ch\/formations2\/wp-json\/wp\/v2\/pages\/68\/revisions\/1028"}],"wp:attachment":[{"href":"https:\/\/gexcel.ch\/formations2\/wp-json\/wp\/v2\/media?parent=68"}],"curies":[{"name":"wp","href":"https:\/\/api.w.org\/{rel}","templated":true}]}}