{"id":523,"date":"2015-05-09T20:46:54","date_gmt":"2015-05-09T20:46:54","guid":{"rendered":"http:\/\/toshoptop.com\/formations2\/gxlstep2\/?page_id=523"},"modified":"2020-06-29T04:26:59","modified_gmt":"2020-06-29T04:26:59","slug":"presentation","status":"publish","type":"page","link":"https:\/\/gexcel.ch\/formations2\/presentation\/","title":{"rendered":"Pr\u00e9sentation"},"content":{"rendered":"<p>[su_box title=\u00a0\u00bbNotre but &#8211; votre satisfaction\u00a0\u00bb box_color=\u00a0\u00bb#08c\u00a0\u00bb]<\/p>\n<p style=\"text-align: center;\">[su_pullquote]GEXCEL est un centre\u00a0de formations informatiques professionnelles intra-entreprises \u00a0 \u00a0 \u00a0 \u00a0 \u00a0 \u00a0 \u00a0 \u00a0 \u00a0 \u00a0 \u00a0 \u00a0 \u00a0 \u00a0 \u00a0 \u00a0 [\/su_pullquote]<br \/>Nous accompagnons les PME et GE, ainsi que les administrations publiques, dans leurs besoins en formation informatique.<br \/>Nos formations sont assur\u00e9es par des sp\u00e9cialistes exp\u00e9riment\u00e9s et professionnels.<br \/>Nous fournissons des services dans les domaines suivants :<\/p>\n<p>\u00a0<\/p>\n<ul>\n<li style=\"text-align: left;\">Formation Microsoft Office (Teams, Excel, Outlook,PowerPoint, Word, One Note, Visio, Project, VBA, Access)<\/li>\n<li style=\"text-align: left;\">Formation Adobe (Acrobat, Photoshop, In Design, Illustrator )<\/li>\n<li>Google Suite<\/li>\n<li style=\"text-align: left;\">WordPress<\/li>\n<\/ul>\n<p>[\/su_box]<\/p>\n<p>[su_box title=\u00a0\u00bbCe qui compte c\u2019est le r\u00e9sultat final\u00a0!\u00a0\u00bb box_color=\u00a0\u00bb#08c\u00a0\u00bb]<\/p>\n<p>[su_pullquote]<\/p>\n<p>Nous garantissons des formations adapt\u00e9es et applicables sur poste.<\/p>\n<p>[\/su_pullquote]<br \/>Formation intensive de courte dur\u00e9e, dans vos locaux, en petits groupes<br \/>Formation en sessions priv\u00e9es<br \/>\u00c9valuation des besoins de formation<\/p>\n<p>\u00a0<\/p>\n<p>[su_pullquote]<\/p>\n<p>\u00a0<\/p>\n<p>Divers syst\u00e8mes de formation selon les objectifs des projets.<\/p>\n<p>\u00a0<\/p>\n<p>Certifications ECDL -TOSA<\/p>\n<p>\u00a0<\/p>\n<p>\u00a0<\/p>\n<p>[\/su_pullquote]<\/p>\n<p>M\u00e9thode Gexcel<\/p>\n<p>Migration vers nouvel MS-Office<\/p>\n<p>Modules m\u00e9tiers<\/p>\n<p>Ateliers<\/p>\n<p>Mise \u00e0 niveau<\/p>\n<p>Cr\u00e9ation de mod\u00e8les<\/p>\n<p>Audits sur postes<\/p>\n<p>Accompagnement<\/p>\n<p>Certifications<\/p>\n<p>\u00a0<\/p>\n<p>[\/su_box]<\/p>\n<p>\u00a0<\/p>\n<p style=\"text-align: center;\">Pour toute information, n\u2019h\u00e9sitez pas \u00e0 <a href=\"https:\/\/gexcel.ch\/formations2\/nous-contacter-2\/\">nous contacter<\/a>\u00a0<\/p>\n<p style=\"text-align: center;\">Nous sommes avec plaisir \u00e0 votre disposition<br \/>Toute l\u2019\u00e9quipe Gexcel<\/p>\n\n\n<p><\/p>\n","protected":false},"excerpt":{"rendered":"<p>[su_box title=\u00a0\u00bbNotre but &#8211; votre satisfaction\u00a0\u00bb box_color=\u00a0\u00bb#08c\u00a0\u00bb] [su_pullquote]GEXCEL est un centre\u00a0de formations informatiques professionnelles intra-entreprises \u00a0 \u00a0 \u00a0 \u00a0 \u00a0 \u00a0 \u00a0 \u00a0 \u00a0 \u00a0 \u00a0 \u00a0 \u00a0 \u00a0 \u00a0 \u00a0 [\/su_pullquote]Nous accompagnons les PME et GE, ainsi que les administrations publiques, dans leurs besoins en formation informatique.Nos formations sont assur\u00e9es par des sp\u00e9cialistes exp\u00e9riment\u00e9s [&hellip;]<\/p>\n","protected":false},"author":1,"featured_media":0,"parent":0,"menu_order":0,"comment_status":"open","ping_status":"open","template":"","meta":{"footnotes":""},"class_list":["post-523","page","type-page","status-publish","czr-hentry"],"_links":{"self":[{"href":"https:\/\/gexcel.ch\/formations2\/wp-json\/wp\/v2\/pages\/523","targetHints":{"allow":["GET"]}}],"collection":[{"href":"https:\/\/gexcel.ch\/formations2\/wp-json\/wp\/v2\/pages"}],"about":[{"href":"https:\/\/gexcel.ch\/formations2\/wp-json\/wp\/v2\/types\/page"}],"author":[{"embeddable":true,"href":"https:\/\/gexcel.ch\/formations2\/wp-json\/wp\/v2\/users\/1"}],"replies":[{"embeddable":true,"href":"https:\/\/gexcel.ch\/formations2\/wp-json\/wp\/v2\/comments?post=523"}],"version-history":[{"count":37,"href":"https:\/\/gexcel.ch\/formations2\/wp-json\/wp\/v2\/pages\/523\/revisions"}],"predecessor-version":[{"id":960,"href":"https:\/\/gexcel.ch\/formations2\/wp-json\/wp\/v2\/pages\/523\/revisions\/960"}],"wp:attachment":[{"href":"https:\/\/gexcel.ch\/formations2\/wp-json\/wp\/v2\/media?parent=523"}],"curies":[{"name":"wp","href":"https:\/\/api.w.org\/{rel}","templated":true}]}}